 -6*n**2 - 41*n - 56. Let s(g) be the third derivative of g**5/60 + g**4/3 + 11*g**3/6 + g**2. Let z(v) = 11*s(v) + 2*t(v). Give z(7).
2
Suppose 0 - 2 = -c. Let t(y) = 3*y**2 - 5*y**c + 2*y + 7 + y**2. Give t(5).
-8
Let y(s) = -s**2 - 9*s - 2. Let g be y(-9). Let m(z) = -z**3 + z**2 + 2*z + 3. Determine m(g).
11
Let v(h) = -h - h**2 - 1 - 1 - 2. Suppose 21 = -2*b - 5*b. What is v(b)?
-10
Let x(k) = -2*k - 2. Let i be 28/(-8) + (-3)/(-6). What is x(i)?
4
Let b be (2 + 2)*(-15)/60. Let o(a) = 10*a**2 - a. Let s(u) = -10*u**2 + 2*u. Let l(i) = 3*o(i) + 2*s(i). What is l(b)?
9
Let t(y) = -y**2 + y + 3. Let p(a) = a - 14. Let c be p(9). Let n(u) = -u**2 + 2*u + 2. Let i(z) = c*t(z) + 6*n(z). What is i(6)?
3
Let h be (-1 + 5)/((-18)/(-18)). Let u(l) be the first derivative of l**3/3 - 5*l**2/2 - 5*l + 1. Give u(h).
-9
Let x(y) = -17*y + 9. Let g(i) = -8*i + 4. Let j(u) = -5*g(u) + 2*x(u). Let w be j(1). Let a(p) = -p**3 + 5*p**2 - 7*p + 6. What is a(w)?
-6
Let c(d) be the second derivative of -d**4/12 - d**3 + d**2 - 3*d - 1. What is c(-6)?
2
Let z(c) be the third derivative of c**5/60 - 7*c**4/24 - 4*c**3/3 + 2*c**2. What is z(6)?
-14
Suppose 18*b - 4 = 16*b. Let x(a) = -2*a**3 + a**2 + a + 2. What is x(b)?
-8
Let a(g) be the first derivative of -g**4/4 - 2*g**3/3 + g**2 + 3*g - 18. Let k(j) = -j**2 - 2*j + 3. Let f be k(-3). Let u be 0 + 0 - f - 2. Calculate a(u).
-1
Let f(y) = -2*y + 2. Let o(i) = i**3 + i**2 - 3*i - 5. Let r(x) = x**2 - x - 1. Let b(d) = o(d) - 5*r(d). Let l be b(3). Calculate f(l).
8
Let l(j) = -j**2 + 6*j + 5. Let d(z) = z**2 - z - 1. Let n(r) = -2*d(r) - l(r). Determine n(-2).
1
Let p(b) = b**3 - 3*b**2 - 4*b. Let j be 3/(-1) + 3 - -3. Determine p(j).
-12
Suppose 5*y - 12 - 12 = 2*j, 0 = -j - 2*y - 3. Let p(n) = n + 12. What is p(j)?
5
Suppose 4*n - 2*n = 16. Let x(s) = -6*s + 10*s + n*s - 1. Suppose -4*r - 2*v = -5*v + 5, -4*v = -r - 11. What is x(r)?
11
Let r(g) = -3*g**3 - g - 2. Let s(j) = 5*j**3 + 2*j + 3. Let x(f) = 7*r(f) + 4*s(f). Calculate x(0).
-2
Suppose -a - 4 = -2*a. Let s(n) = -n - a + 2 - 1. Calculate s(-5).
2
Let b(i) be the second derivative of i**4/12 - i**3/2 - i**2 - 41*i. Calculate b(4).
2
Let l(m) be the third derivative of 0*m - 1/12*m**4 - 5*m**2 + m**3 + 0. Calculate l(5).
-4
Let i(r) be the first derivative of r**2/2 - 6*r - 2. Let t be i(12). Let h(a) = 3 - t - 5*a**2 + 2*a**2 + 2*a**2 - 3*a. What is h(-3)?
-3
Let a(s) = -4 - 5*s**2 + 2 + 5*s + 4*s**2. Let q(y) = -7*y + 2. Let g be q(2). Let u be -3 - (-6)/(-9)*g. Calculate a(u).
-2
Let a(t) = 3*t + 21. Let g(k) be the second derivative of -k**3/6 - 7*k**2/2 + 4*k. Let c(f) = 2*a(f) + 7*g(f). Let x = -5 + 2. Give c(x).
-4
Let l be -1 + -1 - 1*-5. Let a(u) = u**2 - 1 - u**3 - u + 2*u + 2*u**2 + 0*u**2. Determine a(l).
2
Let n(g) be the third derivative of g**6/120 + g**5/20 - g**4/12 - g**3/6 + 8*g**2. Determine n(-3).
5
Let p = 10 + -10. Suppose -4*i - 16 = -p*i. Let u(y) = -y**3 - 4*y**2 + 5. Calculate u(i).
5
Let h = -2259/20 - -113. Let m(f) be the third derivative of 1/120*f**6 + 1/6*f**3 + 0*f + f**2 - h*f**5 + 0*f**4 + 0. What is m(3)?
1
Let o be 14/3 - (-6)/(-9). Suppose 6 = -o*b - 2. Let v(w) = 15*w**2 - 2*w - 11. Let s(f) = -7*f**2 + f + 5. Let u(i) = 13*s(i) + 6*v(i). What is u(b)?
-7
Let n(b) = -2*b**2 - 7*b - 6. Suppose -4 = 3*q - 4*q. Let m be q/6 + (-70)/15. Give n(m).
-10
Let v(t) = -20*t**2 - 17*t + 19. Let o(s) = 9*s**2 + 8*s - 9. Let c(f) = 9*o(f) + 4*v(f). What is c(-4)?
-5
Let l = 21 - 12. Let d(c) = -c**3 + 10*c**2 - 8*c - 5. Give d(l).
4
Let l(a) = -a + 2. Let m(j) = -j**3 + 4*j**2 - j - 3. Let k be m(3). Let y be (-12)/6 + (2 - -1). Suppose -4*q = -5*o + 8, -4*o = -k*q - 6 - y. What is l(q)?
-1
Let i = -1 + 3. Suppose c - a - 4 = 0, -i*c = -0*c + 2*a - 8. Let x(y) be the first derivative of -y**2 + 5*y - 8. Calculate x(c).
-3
Let m be -3*-1*8/6. Suppose 0 = -c - 3*c, 0 = -5*x - m*c. Let k(s) = s - 15. Calculate k(x).
-15
Let s(t) = t**2 - 1. Suppose -3*l = 5*g - 2, -5*l - 4*g - 1 = -0*g. What is s(l)?
0
Let g(b) be the third derivative of -b**4/24 + b**3/3 + 2*b**2. Let a be (-6 - -7)*(1 - 6). Let c(l) = -3*l + 4. Let j(z) = a*g(z) + 2*c(z). Determine j(0).
-2
Let t = 10 + -4. Let o = 3 - 0. Let u(g) = 8*g**2 - 4*g**2 + 4*g + t - 2*g**o + g**3. Give u(5).
1
Let g(p) = -4 + p**2 + 0*p**2 + 4 - 1. Calculate g(-2).
3
Let m be -1*((-10)/(-3))/((-2)/3). Let d(x) = x**3 - 5*x**2 + x - 2. Calculate d(m).
3
Let s(c) = -2*c - 2. Suppose 3*w = -m - 2, -4*m + 14 = -m - w. Determine s(m).
-10
Let c(r) = -r**2 - 6*r - 1. Let g be c(-4). Let m(s) = 48 - 40 - g*s + 0*s**2 + s**2. Determine m(6).
2
Let y(x) = -x**3 - 10*x**2 + 11*x + 2. Let v be y(-11). Let z(j) = -7*j - 1 - j + 0*j + v. Give z(1).
-7
Let o = 85 + -85. Let q(u) = -u + 1. Let f(x) = -x + 1. Let r(i) = 3*f(i) - 2*q(i). What is r(o)?
1
Let k(z) = -2*z**2 - 2*z. Let n be k(-2). Let r(u) = u**3 + 3*u**2 - 3*u - 1. Calculate r(n).
-5
Suppose -2*x + 1 = 7. Let c = 9 + x. Let h(t) = -t**3 + 5*t**2 + 5*t + 5. Calculate h(c).
-1
Let q = 7 + -5. Let r(t) = -t + q + 0 + 2*t. Calculate r(0).
2
Let i = -10 - -4. Let w(p) = p - 3. Determine w(i).
-9
Let l(g) = -8*g**2 - 6*g + 5. Let m(u) = 11 + u**2 - 12*u**2 - 6*u**2 - 13*u. Let b(v) = -13*l(v) + 6*m(v). Calculate b(1).
3
Let n(d) = -3*d. Let s = 73 + -72. Give n(s).
-3
Let n(y) = y + 7. Let m be n(-4). Let o(z) = -z**2 + 5*z**3 - 3*z**3 - z**m. Calculate o(-1).
-2
Suppose -2*d = d - 3. Let t be ((0 - d)/(-1))/(-1). Let g(z) = 6*z**3 + 2*z + 1. Determine g(t).
-7
Let w(p) = -3*p + 1. Let m(t) = -1. Let j(s) = 3*m(s) - w(s). What is j(-3)?
-13
Suppose 6*x = 4*x + 2. Suppose 7 - x = -3*u. Let t(z) = -5*z + 4. Let l(r) = 14*r - 11. Let g(a) = -6*l(a) - 17*t(a). Give g(u).
-4
Let h be (-168)/(-32) - 1/4. Let w(x) = -x**3 + 6*x**2 - 4*x + 3. Calculate w(h).
8
Let y(b) = -4*b**3 - 3*b**2 - 2*b - 16. Let t(n) = 2*n**3 + 2*n**2 + n + 9. Let g(d) = -11*t(d) - 6*y(d). Give g(3).
18
Let d(x) = -x**2 - 3*x - 2. Suppose -v = -6*v - 10. What is d(v)?
0
Let n(g) = -83*g**3 + 5*g**2 + 84*g**3 + 4 - 1. Calculate n(-3).
21
Let r(y) = 9*y - 4 - 6*y - 4*y + 0*y. What is r(-6)?
2
Let r be 7/(2 + -5 + 4). Suppose -4*q = -12, r = -3*k - 5*q + 25. Let v(g) = 5*g - 1. Give v(k).
4
Let j be ((-10)/(-4))/((-1)/(-2)). Suppose u + 1 + 7 = 5*c, -2 = -5*c + 4*u. Let z(w) = -2*w - 4*w**2 + 3*w - 1 + w**3 + 3*w**c - 4*w**2. Determine z(j).
4
Let b(g) = g**3 + g**2 - g - 4. Let v = 7 + -3. Suppose -15 = 3*s - v*s. Suppose -r + s = 5*o - 6*r, 3*r + 9 = 4*o. Determine b(o).
-4
Let p be (-156)/(-10) + (-6)/(-15). Let c be ((-4)/5)/(p/(-40)). Let a(u) = -u + 2. Give a(c).
0
Let m(s) = 2*s + 4 - s**2 - 3*s + 3*s. Let n(t) = t**3 - t + 4*t**2 + 0*t**2 - 4 - t. Let z be n(-4). What is m(z)?
-4
Let w(r) = 2*r**3 - 2*r**2 - 1. Let s = 69 - 67. Determine w(s).
7
Let y(u) be the third derivative of -u**7/1680 - u**6/360 - u**5/10 + 4*u**2. Let w(m) be the third derivative of y(m). Determine w(-2).
4
Let d be ((-6)/5)/((-3)/60). Suppose 5*m + d = 4. Let p = m + 3. Let u(h) = -6*h. Determine u(p).
6
Let c(q) be the second derivative of -q**4/12 - 5*q**3/6 + 5*q. Let g(m) = -3*m + 3. Let r(v) = -2*v + 1. Let o be r(-1). Let p be g(o). What is c(p)?
-6
Let g = 0 + -3. Let o(n) = 0*n + n + 0*n. Calculate o(g).
-3
Let x = 53 + -49. Let j(r) be the third derivative of 0 - 1/24*r**x + r**3 + 0*r - r**2. Determine j(0).
6
Let q(u) = u**3 + 5*u**2 - 6*u + 7. Suppose -4*o - 3*s + 6*s = 27, -5*s = -4*o - 29. Calculate q(o).
7
Let d(j) be the second derivative of 5*j**3/6 - 3*j**2/2 + j. Let z be (-1 + 10/6)*-3. Let k be 1 + ((-1)/1 - z). What is d(k)?
7
Let h(d) be the third derivative of -d**6/120 + d**5/20 + d**4/12 + d**3/3 + 6*d**2. Give h(4).
-6
Let h(p) = -p**3 - 2*p**2 + 5*p - 2. Suppose g - 2*r - 2*r - 22 = 0, -2*g = -2*r - 14. Let w = g - 6. Calculate h(w).
10
Let a be (33/12)/((-1)/(-4)). Let s(v) = 0*v**2 - v**2 - a*v - 11 + 2. Let q be s(-10). Let n(x) = 10*x**2 + x - 1. Give n(q).
10
Let u(d) = -d**2 - d - 1. Let g(i) = i**3 - 5*i**2 + 8*i - 5. Let s(f) = -g(f) - 2*u(f). Calculate s(6).
7
Let o(a) = -a**3 - a**2 + 2*a - 4. Suppose -k + 17 = -3*z, -4*z - 19 = 3*k + z. Let t(q) = -2*q**2 + 4*q - 3. Let g be t(k). What is o(g)?
8
Let a(n) = -3*n**3 - n**2 - n + 1. Suppose -2*u = -